6) is divided by -1 + -2 + -2 + 27.
20
Suppose -21*h + 8*h = -169. What is the remainder when 24 is divided by h?
11
Let k = 996 + -984. Calculate the remainder when 53 is divided by k.
5
Suppose 3*a - 3*n + 151 = 8*a, 5*a - 137 = 4*n. Suppose -51*u + 45*u = -642. What is the remainder when u is divided by a?
20
Let r be 1*4 - (-11 - 2). Suppose -3*h + 61 = -v, r - 2 = h - 3*v. Calculate the remainder when 81 is divided by h.
18
Let k(f) = -52 - 12*f + 11 + 8*f - 27*f. What is the remainder when k(-5) is divided by 23?
22
Suppose -4*h - 120 = -4*w, -15 = -4*w + 5. What is the remainder when 95 is divided by h*(3 + -4) + -1?
23
Let l be ((-171)/(-2))/(9/24). Let k = -149 + l. What is the remainder when k is divided by 27?
25
Let v = 507 - 178. What is the remainder when v is divided by 10?
9
Let a = 91 + -69. What is the remainder when a is divided by 8?
6
Calculate the remainder when (-16 + 14)*(4 - 1455/6) is divided by 96.
93
Let i = 39 + -30. Suppose -44 = 5*t - i*t. What is the remainder when 62 is divided by t?
7
Suppose 5*p - 51 = -l, p - 5 = 2*p + 4*l. Let a = 6 - 3. Suppose -a*y = -6 - 150. What is the remainder when y is divided by p?
8
Suppose -2*s - 5*m + 107 = 0, -2*m + 104 = s + s. Let x = s - 34. Let j = -19 - -25. Calculate the remainder when x is divided by j.
5
Suppose 0 = -5*s + 5, -s = -5*y + 78 + 106. Suppose 2*n + y = 5*n - 5*g, -5*n + 2*g + 30 = 0. Calculate the remainder when (-1)/(0 + 1/(-5)) is divided by n.
1
Suppose -d = -9 + 5, -5*m = -2*d - 42. Let v(f) = 0*f**3 - 10*f**2 - f**2 + 10*f - 21 - f**3. What is the remainder when m is divided by v(-12)?
1
Let c be 1 + (-4)/(-1 - 3). Suppose 40 = 3*r - n, -c*n = 5*r - r - 50. What is the remainder when r is divided by 7?
6
What is the remainder when (-104)/(1 - (-10)/(-5)) is divided by 35?
34
Let d be -7*(200/(-35) + 5). Suppose 0 = 4*l - o - 148, 0 = 3*l + d*o - 94 - 40. What is the remainder when 226 is divided by l?
36
Let v be 2 + 10*15/2. Let a = v - -8. Suppose 3*f - 137 = -50. What is the remainder when a is divided by f?
27
Suppose -119 - 64 = -3*y. Let g = y + -34. Suppose -4*d = 2*s - 4, -3*d = -3*s - 6*d + 12. Calculate the remainder when g is divided by s.
3
Let v(c) = c**3 + 3*c**2 + 2*c + 4. Let a be v(-3). Suppose -4*j = -4*b, j + 2*b - 1332 = -1323. What is the remainder when -2*(3/a - 1) is divided by j?
2
Let f = 10 + 0. Suppose -338*a = -341*a + 108. Calculate the remainder when a is divided by f.
6
Let d(c) = 8*c**2 + 7*c + 4. Suppose -21 = -2*h + 4*r + r, 5*h = -3*r - 25. Calculate the remainder when d(h) is divided by 5.
2
Calculate the remainder when ((-2)/3)/((-1)/66) is divided by 23 + 0 + 0 + 1304/(-163).
14
What is the remainder when (-1)/(-5 - 10470/(-2095)) is divided by 60?
59
Let d = -118 - -180. Calculate the remainder when d is divided by 10.
2
Suppose 0 = -15*c + 17*c - 2*r - 274, -4*c - 2*r + 560 = 0. Calculate the remainder when c is divided by 48.
43
Suppose 29*i + 22 = 40*i. Suppose -3*m + i*m = -4*l - 136, 5*l - 207 = -2*m. What is the remainder when m is divided by 40?
36
Let t(o) = o**2 + 1. Let l(d) = -d**2 + d + 3. Let v = 20 - 18. Let w(r) = v*t(r) + l(r). What is the remainder when 50 is divided by w(3)?
16
Let x be 2/1 + -1 - 1. Suppose x = 4*l - 2*l - 10. Suppose l*r - 9*r = -68. Calculate the remainder when 31 is divided by r.
14
Let d = -645 - -733. What is the remainder when 131 is divided by d?
43
What is the remainder when (-48 - -9)*301/(-21) is divided by 10?
9
Let a = -77 - -86. What is the remainder when (a/3 + (-244)/20)*-5 is divided by 16?
14
Suppose g = 4*w - 241, 3*g - 68 - 185 = -4*w. Suppose -w = -f - 4. Suppose 3*t - 31 = 14. Calculate the remainder when f is divided by t.
12
Let y(v) = v**3 + 4*v**2 - 2*v - 2. Suppose 153 = 3*a - 4*i, -3*i - 102 = 22*a - 24*a. What is the remainder when a is divided by y(-4)?
3
Suppose c - 7 = 5*g - 3*c, 0 = 2*g - 3*c + 7. Let m = -15046 - -15099. Calculate the remainder when m is divided by 22/(g - (-2 + 1)).
9
Suppose -4*x - 5*a + 70 = 0, -7*x = -3*x - 5*a - 90. Let s(g) = -g**3 - g + 61. What is the remainder when s(0) is divided by x - ((-6)/3 + 6)?
13
Let d(q) be the first derivative of -q**3 - 5*q**2 - 10*q - 1. Let i be d(-7). Let t = 145 + i. Calculate the remainder when t is divided by 20.
18
Suppose 0 = 4*w - 7*w + 18. Let p be (w - 4) + 2/2. Suppose c + 5 = 2*x + 2*c, -x - 1 = -p*c. What is the remainder when 2 is divided by x?
0
Let u = 231 - 221. Suppose 0 = d - 0 + 8. Let b(s) = s**3 + 8*s**2 + 5. Calculate the remainder when u is divided by b(d).
0
Suppose 0 - 1 = x, 19 = 2*l - 3*x. Suppose -j + 0*j + 4*u = -20, -u = -3*j + 5. Suppose -4*i + 28 + l = j. Calculate the remainder when i is divided by 3.
0
Let h = 134 - 202. Let t = 28 - h. What is the remainder when t is divided by 9?
6
Let h(d) = -d**2 - 7*d + 3. Let a be h(-6). Suppose 0 = -2*o + 3*o - a. Let r(x) = x**2 - 8*x + 7. Calculate the remainder when 28 is divided by r(o).
12
Let p(k) = k**3 + 6*k**2 - 11*k - 38. What is the remainder when 106 is divided by p(-6)?
22
Let q = -580 - -583. Calculate the remainder when q is divided by -9*2/6*-1.
0
Let z = -129 + 156. What is the remainder when z is divided by 4?
3
Let w(a) be the first derivative of a**4/4 - 4*a**3/3 - 7*a**2/2 + 4*a - 4. Calculate the remainder when 133 is divided by w(6).
31
What is the remainder when 218 is divided by 3 + (-27)/(-9) + 5?
9
Suppose 7*o - 9*o - 32 = 0. Let z = 34 + o. Calculate the remainder when 33 is divided by z.
15
Let t(w) = -w**3 - w**2 + w - 7. Let b be (-3 + 2)/(1/(-8)). Let c be (3/(-4))/(2/b). Calculate the remainder when 23 is divided by t(c).
7
Let x be 8/60*3*5. Suppose -2*i = -2*p - 3*p - 48, -i + 6 = x*p. Suppose -5*k - 44 = -l - 241, -151 = -4*k + 3*l. What is the remainder when k is divided by i?
12
Suppose 2*m = 4*m - 3*y - 20, 0 = m + 3*y - 28. Suppose 4*p - 116 - 210 = -3*f, 5*f = 2*p + 552. Calculate the remainder when f is divided by m.
14
Let t = 42 + -24. What is the remainder when (4/(-9))/4 - (-217002)/3186 is divided by t?
14
Let p(s) = -29 + 2*s**3 + 54 - 22 + 2*s**2 - 3*s. Let o be p(-4). Let d = o - -163. What is the remainder when d is divided by 28?
26
Suppose -2*g = -3*q + 64, 2*g + 8 = -q + 24. Calculate the remainder when q is divided by 7.
6
Let a(u) = -6 + 18 + 4*u**2 + u**3 + 4*u + 2*u**2. What is the remainder when 32 is divided by a(-5)?
15
Suppose 2*i = 4*i - 4. What is the remainder when (i - -2) + (64 - -3) is divided by 18?
17
Let n = 722 - 697. Calculate the remainder when n is divided by 9.
7
Let i(k) = 39*k**2 + 2*k + 6. Calculate the remainder when i(-3) is divided by 71.
67
Suppose 0 = 6*i + 65 - 401. What is the remainder when 218 is divided by i?
50
Suppose -9*j + 4*j = 5*l - 165, -161 = -5*l - 3*j. Let p(m) = m**3 + 5*m**2 - 9*m - 7. Calculate the remainder when l is divided by p(-6).
9
Let u(q) = -78*q**3 - 13*q**2 - 23*q + 6. What is the remainder when u(-2) is divided by 57?
54
Let t be (-10)/4*128/(-20). Let c = t + -14. Suppose -2*s - c*w - 8 = -2, 10 = -2*w. Calculate the remainder when 3 is divided by s.
1
Suppose 3*z = -6 + 69. Calculate the remainder when z is divided by ((-12)/(-5) + -2)/((-2)/(-20)).
1
Suppose 0 = a - d - 123, 105 = a - 5*d - 26. Let u = a - 6. What is the remainder when u is divided by 13?
11
Let o = -110 + 119. Let v = -9 - -13. Calculate the remainder when 2/(-8)*-25*v is divided by o.
7
Let c(d) = d + 1. Let s(o) = -6*o - 53. Let u(b) = -2*c(b) - s(b). What is the remainder when u(21) is divided by 34?
33
Suppose 76*j = 30*j + 2530. Let y(o) = o**3 + 7*o**2 + 5*o + 9. Calculate the remainder when j is divided by y(-6).
10
Suppose 3*m + 6*j = 5*j + 91, -j - 2 = 0. Calculate the remainder when m is divided by 19.
12
Let q(m) = -m**2 - m + 1. Let v(g) = g**3 - 12*g**2 - 3*g + 25. Let y(i) = q(i) - v(i). Calculate the remainder when y(10) is divided by 9.
6
Let t be -14 - (1 + -2 - -4). Let b(f) = -2*f**2 - 36*f - 19. Calculate the remainder when 29 is divided by b(t).
14
Calculate the remainder when 3994/9 + 3 + 2/9 is divided by 8.
7
Let k = -50 + 79. Suppose -5*p + p = -5*n + 21, 13 = 2*n + 3*p. Calculate the remainder when 7*(n + -1 - 86/(-7)) is divided by k.
27
Let o(w) = -w**2 + 3*w + 7. Let r(j) = -j + 20. Let t be (-1)/3 + (-